3*h**5/20 + h**4/12 - 13*h**3/6 + h**2. Let q be c(9). Determine g(q).
-8
Let r(s) = 5*s**2 + s**3 + 17 - 3*s - 2*s**2 - 22. Suppose 0 = 2*l + y - 2, -l + 4*y = l - 12. Let n be l + 0 + 0 + -6. Calculate r(n).
-9
Let o = -24 + 29. Let x(c) = c - 1. Determine x(o).
4
Let n(d) be the first derivative of 3*d**2 + 8. What is n(-2)?
-12
Let g be 3/(-4) + (-1)/4. Let b(x) = -x**3 + 3*x**2 - 3*x + 7. Let u(s) = s - 2*s + 1 + 2*s - 2*s. Let j(w) = g*b(w) + 3*u(w). Calculate j(3).
-4
Let u(k) = -5*k**3 + k - 1. Let a be u(1). Let f be a/(0 + (1 - 0)). Let t(m) be the second derivative of m**4/12 + 5*m**3/6 - 5*m**2/2 + m. Give t(f).
-5
Let u(f) = f + 8*f - 6 - 6*f. Calculate u(-8).
-30
Let j be (2/(-2) - -2)*-1. Let x(l) be the first derivative of l - 1/2*l**2 + 1. Give x(j).
2
Suppose 4*d - 15 = 3*s, -3*d + 0*s - 2*s = 10. Suppose d*c = 5*p - 3*c, -5*p - c = 0. Suppose 2*q = -p - 2. Let m(h) = -5*h + 1. Calculate m(q).
6
Let k(s) = s - 1. Let g = -20 + 20. Give k(g).
-1
Let a(l) be the second derivative of l**3 - 1/24*l**4 + 0 + 3*l - l**2. Let x(m) be the first derivative of a(m). Determine x(6).
0
Let m(h) be the second derivative of h**3/6 + 2*h**2 - 14*h. Determine m(0).
4
Let k(l) be the second derivative of 1/3*l**3 + 0 + 2*l + 0*l**5 + 7/360*l**6 + 1/24*l**4 + 0*l**2. Let a(b) be the second derivative of k(b). Determine a(1).
8
Let f(t) be the third derivative of t**4/12 - t**3/3 - 9*t**2. What is f(4)?
6
Let m(f) = 2*f - 1. Let p(h) = h - 14. Let w be p(12). Determine m(w).
-5
Let i(t) = -2*t - 1. Let f(v) = -v**2 + 12*v + 2. Let x be f(12). Give i(x).
-5
Let c = 118 + -112. Let b(j) = -2*j + 9. Determine b(c).
-3
Let o be (-40)/(-18) + 4/(-18). Suppose -3*h + o = -10. Suppose -h*x - 12 = -0*x. Let m(j) = -3*j - 1. Determine m(x).
8
Let o(w) = 3*w**2 + 2*w + 1. Let h(l) = -l**2. Let m = 11 - 10. Let j(y) = m*h(y) + o(y). What is j(-2)?
5
Let y(j) = 3*j - 4. Suppose 3*o = 3*u - 0*u + 3, 5*o - 41 = -4*u. Let t(v) = -2*v + 4. Let c(l) = u*t(l) + 3*y(l). Let w = -13 + 8. What is c(w)?
-1
Let h(t) = 8 + 2 + 2*t - 3*t - 14. What is h(-4)?
0
Suppose -3*p = 3*m, -2*m + 2*p = -6*m + 2. Let h be -2*1 + 0/5. Let y(o) = -o + 1. Let z(g) = -5*g**3 + 4*g - 3. Let q(d) = h*y(d) - z(d). Determine q(m).
4
Let q(j) = j**2. Let u(g) = -2*g**2 - 4. Let o(p) = 4*q(p) + u(p). Let d(i) be the first derivative of o(i). Give d(-1).
-4
Let b = -3 + 2. Suppose 0*o = 5*o - 10. Let n(m) = 0*m**2 - 1 + 2 + m**3 - 2*m**o + m**3. Determine n(b).
-3
Let b(z) = -z + 4. Let y be b(4). Suppose -t + n = -y*t - 1, 4*t + 2*n - 10 = 0. Suppose t*g = -g. Let v(c) = -c + 1. Give v(g).
1
Let d be ((-6)/15)/((-1)/5). Suppose -4*v + 2*q + 10 = 0, -v + 2*q + d - 4 = 0. Let t(a) = v*a**2 - 3*a**2 + 3 + 4*a + 0*a**2. Determine t(-3).
0
Suppose -k + 2 = -2*k. Let q = k + 3. Let v(g) = -g**3 - 2*g**2 + 1. Determine v(q).
-2
Suppose 10 = g - 3*q + 6*q, -g + q - 2 = 0. Let a(p) = 17*p**2 + 5*p - 6. Let y(r) = -19*r**2 - 6*r + 7. Let k(h) = -6*a(h) - 5*y(h). What is k(g)?
-6
Let w(c) = -c - 4. Let r be w(-7). Let t(b) = -3*b + 10. Let k(p) = 2*p - 10. Let v(x) = r*t(x) + 4*k(x). Calculate v(0).
-10
Let w(y) be the second derivative of 3*y**3/2 + y**2/2 - 4*y. Let n be w(1). Let b(r) = -n*r + 7*r - 3 + 6*r. Give b(5).
12
Let j be (20/35)/(8/84). Let z(w) = w**2 - 5*w. Determine z(j).
6
Let w(m) = -1. Let q(u) = -3*u - 6. Let f(k) = q(k) - 4*w(k). Let j = -8 - -16. Suppose 7*v + j = 3*v. Calculate f(v).
4
Let g(a) = 1 - 4*a - 5*a + a + 7*a. Let v be 2 - 6*1/2. Give g(v).
2
Let m(h) be the first derivative of h**2/2 - h + 11. Let c(t) = -6*t**3 - t - 1. Let p be c(-1). Calculate m(p).
5
Let g be (-8)/4 - (-6 - -1). Let q(r) = 88 + 2*r**2 - r**2 - r**g - 80. Give q(0).
8
Suppose 5*r + 0 + 10 = 0. Let h(j) = j**3 + 4*j**2 + 3*j + 1. Determine h(r).
3
Let k(x) = -x**2 + 7*x - 9. Let l be 1*0/(1 - -1). Suppose 3*p = -l*p + 18. Determine k(p).
-3
Let w(o) = -o**3 + 2*o**2 + 7*o - 5. Suppose 9*i - 24 = 4*i - 2*x, 4*x = -5*i + 28. Give w(i).
-9
Let p(w) = -2*w**3 - 12*w**2. Let c be p(-6). Let i(z) be the third derivative of 0*z - 1/20*z**5 + 0*z**3 + 0*z**4 + c - 4*z**2. What is i(2)?
-12
Let c be 1/(3/6 + 0). Let m(p) = p**c + 5*p - 2*p + 3*p + 2*p. Give m(-6).
-12
Suppose s + s - q + 6 = 0, -14 = 2*s + 3*q. Suppose v = -1 + 5, 5*c - 35 = -5*v. Let r(i) = -c*i - 2*i - 3 + 6*i. Calculate r(s).
-7
Let j(f) = 6*f. Let l be j(2). Let w = l + -9. Let v(z) = z**3 + 4*z**2 + 5*z. Let t(p) = 3*p**3 + 9*p**2 + 11*p + 1. Let m(q) = 2*t(q) - 5*v(q). Give m(w).
2
Let w(i) = -i**2 + i + 1. Let t = 4 - 4. Suppose 0 = -4*g + 4*m + 8, -3 = -3*m - t. Let s be 4/6*g - 2. What is w(s)?
1
Let w(f) = -5*f**2 + 2. Let q = 0 + 1. Let d be (2/3)/(q/(-9)). Let j(p) = -4*p**2 + p + 2. Let c(b) = d*j(b) + 5*w(b). Calculate c(-4).
6
Let o = 26 + -23. Let x(w) = 28*w**3 + 0*w + 2*w - 4*w**2 + 0 + 2 - 27*w**o. Calculate x(3).
-1
Let n = 13 - 8. Suppose -n*u + 35 = -5*m, -10 = m - 4*u + 12. Let y(p) be the second derivative of -p**5/20 - p**4/6 - p**3/2 - 3*p**2/2 - 6*p. What is y(m)?
3
Let j(z) = -z**2 - 6*z - 5. Suppose -p - 3 = 3. What is j(p)?
-5
Let b(n) be the first derivative of -n**4/24 + n**3/3 - 9*n**2/2 - 8. Let y(q) be the second derivative of b(q). Give y(-5).
7
Let q(b) be the third derivative of b**4/12 - b**3 + 13*b**2. What is q(5)?
4
Suppose 3*x - x - 6 = 0. Let t(y) be the third derivative of 0 - 1/24*y**4 + 0*y - 1/6*y**x + y**2. What is t(2)?
-3
Suppose -3*x - 25 = 2*x. Let f(i) be the first derivative of -i**3/3 - 3*i**2 - 2*i - 11. What is f(x)?
3
Let b(v) be the third derivative of -v**5/30 + v**4/12 + v**3/2 - 14*v**2. Let x be (3/2)/(2/4). What is b(x)?
-9
Let v(j) = -j**3 - j**2 + 2*j + 2. Let n be v(-2). Let l(h) = -6*h**2 + 0*h - 2*h + 6*h + h**3 + n. Let k(f) = -f**3 - 6*f**2 + 5. Let b be k(-6). Give l(b).
-3
Let f(h) = -h**2 + 7*h - 9. Let t(b) = -3*b**2 + 21*b - 26. Let q(d) = 11*f(d) - 4*t(d). Calculate q(7).
5
Let c(g) = g**3 + 4*g**2 + 2*g + 2. Suppose 0 = 3*b + 26 - 11. Let n be (b/1)/(3/(-6)). Let y = 6 - n. Determine c(y).
-6
Let b(c) be the first derivative of c**5/40 + c**4/4 - 2*c**3/3 - 1. Let l(i) be the third derivative of b(i). Let t = -11 + 7. Give l(t).
-6
Let p(q) be the first derivative of -q**3/6 - q**2/2 - 3*q - 4. Let f(b) be the first derivative of p(b). Give f(-6).
5
Let p(y) be the third derivative of y**7/210 + y**6/360 - y**5/120 + y**4/24 - y**3/3 + y**2. Let i(r) be the first derivative of p(r). Calculate i(1).
5
Suppose 2*x + 10 = -j + 2*j, 2*x = 3*j - 18. Let h(s) = s + 1 - 4*s - 5 + 1. Calculate h(x).
6
Let c(z) be the first derivative of -1/2*z**2 - 6 - 7*z. Calculate c(-5).
-2
Let g(j) be the third derivative of -j**5/60 - 5*j**4/24 + j**3/2 + 29*j**2. Calculate g(-4).
7
Let x(u) = -u + 2. Let v be x(0). Suppose -5*p = -v*p - 9. Let w(c) = 2*c. What is w(p)?
6
Suppose -2*l - 3 = -9. Let g(j) = -j**2 - 2. Give g(l).
-11
Suppose -5*a + 16 = -4*o, a + 6 = 3*a - 2*o. Suppose a = -2*j - 4. Let g(n) = -n + 3. Give g(j).
7
Let c(w) = -3*w - 17. Let m be c(-4). Let r(g) = 2*g - 10. Let x(a) = 3*a - 19. Let l(h) = -5*r(h) + 3*x(h). Give l(m).
-2
Suppose 2*z - 4*n = -z + 2, -3*z - n + 7 = 0. Let t be z/(-4) + (-18)/4. Let o(u) = u + 4. Determine o(t).
-1
Let l(t) = t**3 - t**2 - 1. Let c(w) = -5*w**3 + 5*w**2 - w + 5. Let x(z) = -c(z) - 4*l(z). Let y be x(0). Let b(a) = -3*a + 1 - 1. Determine b(y).
3
Let p(l) = -6*l + 3 - l**2 + 15*l - 10*l. Determine p(3).
-9
Suppose -4*c + 3*c = 0. Let s(b) = -b**2 - 1 + 4 + 3 + 2*b**2. Give s(c).
6
Let f(w) = -23*w**2 + 10*w. Let q(t) = -15*t**2 + 7*t. Let s(d) = -5*f(d) + 7*q(d). Let l(n) = -n - 20. Let g be l(-21). What is s(g)?
9
Let l(u) be the third derivative of -u**6/120 + u**5/20 + 5*u**4/24 - 5*u**3/6 - 12*u**2. Calculate l(4).
-1
Let f = -14 - -7. Let a = f - -10. Let u(x) be the second derivative of x**5/20 - x**4/4 + x**3/3 + x. Give u(a).
6
Let a be ((-5)/20)/((-3)/(-12)). Let q(g) = -g - g + g**2 - 1 + g. Determine q(a).
1
Let y(b) = b**2 - 3*b - 4. Suppose 6*u = 3*u + 15. What is y(u)?
6
Let m(w) = w**2 + 3*w - 2. Let y be ((-12)/5)/(9/30). Let g be (6/y)/((-2)/(-8)). Calculate m(g).
-2
Let w = -6 - -8. Let o(z) = 6*z - 2 + 15*z**w - 19*z**2 - z**3 - z. Give o(-5).
-2
Let l(s) = -5*s**3 + 5*s**2 - 5*s - 11. Let q(x) = x**3